14?
-3014
In base 6, what is 0 + -2155151?
-2155151
In base 10, what is -5 - -7380?
7375
In base 6, what is 1334 + -21353?
-20015
In base 11, what is -13 - a3656?
-a3669
In base 3, what is -12 - -12210110?
12210021
In base 4, what is -332222023 - 21?
-332222110
In base 2, what is -100 - -1111001010101?
1111001010001
In base 4, what is -332 - -20003?
13011
In base 7, what is 4 - -12322?
12326
In base 13, what is 113568 - 4?
113564
In base 3, what is 0 - -200121011111?
200121011111
In base 6, what is -420350 + -251?
-421041
In base 14, what is 22b9 + 4?
22bd
In base 6, what is 1504 - 2004?
-100
In base 11, what is 1562 - -1a5?
1757
In base 15, what is -7e96 + 79?
-7e1c
In base 4, what is 13312022 + -11?
13312011
In base 16, what is -3 + 5c91?
5c8e
In base 13, what is 1 + -ca17?
-ca16
In base 16, what is 4 - fd?
-f9
In base 16, what is 0 - 4a301?
-4a301
In base 4, what is 1332222321 - -3?
1332222330
In base 13, what is -2 - 2c88?
-2c8a
In base 14, what is -37 - 38c?
-3c5
In base 7, what is 131 + 54130?
54261
In base 6, what is -25 - -425545?
425520
In base 6, what is -3502 + 34224?
30322
In base 14, what is -5b5a + -4?
-5b60
In base 6, what is -241224 + -21?
-241245
In base 3, what is 11 + -1202121221210?
-1202121221122
In base 14, what is 3083 - -39?
30bc
In base 6, what is 3 + 51535?
51542
In base 3, what is -2012021 + -1200?
-2020221
In base 12, what is 192 - -8bab?
9181
In base 15, what is 33 - 2c4?
-291
In base 15, what is -1222 + 3d?
-11d4
In base 9, what is -16 - 172?
-188
In base 6, what is 132021122 + -1?
132021121
In base 5, what is 3 + -33001043?
-33001040
In base 8, what is 25555 - -224?
26001
In base 14, what is 44b + -98?
393
In base 7, what is 33 + -612?
-546
In base 5, what is 123 + -43100?
-42422
In base 7, what is 14 - 236400?
-236353
In base 5, what is -2 - 433?
-440
In base 9, what is -184067 + 0?
-184067
In base 9, what is 316 + 28?
345
In base 10, what is 335 - 2511?
-2176
In base 15, what is -ad9 + -16?
-b00
In base 15, what is 3ac - a?
3a2
In base 9, what is -44 + 1107?
1053
In base 4, what is -1000 - -12203330?
12202330
In base 9, what is 1806 + -3741?
-1834
In base 12, what is -79b6 + a2?
-7914
In base 14, what is 5b657 - -3?
5b65a
In base 10, what is -704 - -3822?
3118
In base 7, what is 4256 + 101?
4360
In base 8, what is -12616 + 0?
-12616
In base 13, what is -4 + 55c8?
55c4
In base 14, what is 2b - -1509?
1536
In base 5, what is 2 - -141023240?
141023242
In base 11, what is -24 + 8153?
812a
In base 14, what is -9c8 - 15?
-9dd
In base 14, what is -609 + -260?
-869
In base 13, what is 333 - -1?
334
In base 9, what is 2 + 22138?
22141
In base 15, what is -3 + 3c919?
3c916
In base 12, what is 83a - 84?
776
In base 7, what is -44454050 - -4?
-44454043
In base 2, what is 101 + -1101010111111101?
-1101010111111000
In base 16, what is -16f2 - 326?
-1a18
In base 10, what is -6702 + 13?
-6689
In base 10, what is -4 + -46276?
-46280
In base 6, what is -242124 + 0?
-242124
In base 9, what is 231 - -264?
505
In base 13, what is 8736 - 4?
8732
In base 10, what is 2 + 160?
162
In base 13, what is -100 + b24?
a24
In base 6, what is 3002 + 1022?
4024
In base 5, what is 224421342 - -10?
224421402
In base 7, what is 5164 + 115?
5312
In base 16, what is -12 + -5ed4?
-5ee6
In base 10, what is -116 + -642?
-758
In base 12, what is -18248 - 5?
-18251
In base 9, what is -3 + -107?
-111
In base 14, what is -167901 + -3?
-167904
In base 4, what is 112220022 + -3?
112220013
In base 11, what is 4697 + -164?
4533
In base 7, what is -452511 + 2?
-452506
In base 3, what is -10010100212 - -1?
-10010100211
In base 3, what is 1001022210 + 12201?
1001112111
In base 9, what is -267070 - 4?
-267074
In base 4, what is -3 + 11233023?
11233020
In base 7, what is -4 - -30166?
30162
In base 7, what is 615120 - 4?
615113
In base 9, what is -3 - -3332?
3328
In base 7, what is 4050 + -56?
3661
In base 16, what is -3200 + 0?
-3200
In base 8, what is 5 + 103360?
103365
In base 4, what is -233201 + 300?
-232301
In base 5, what is 14333 + -32?
14301
In base 6, what is 5 - 221004?
-220555
In base 6, what is 0 - -24015?
24015
In base 15, what is 35e + 1214?
1573
In base 14, what is -2 - -21b3?
21b1
In base 16, what is 0 + -6bf6?
-6bf6
In base 9, what is 4 - -8826?
8831
In base 12, what is 65 + 28a?
333
In base 2, what is -1 + -10100100011000101?
-10100100011000110
In base 8, what is 55 - 3443?
-3366
In base 12, what is 165 + -45b?
-2b6
In base 10, what is -1 + 317181?
317180
In base 11, what is -299aa - -14?
-29996
In base 11, what is 3 + 29837?
2983a
In base 13, what is 6 + c01?
c07
In base 8, what is 513720 - -1?
513721
In base 16, what is -20 - 5eb?
-60b
In base 13, what is 1384 - -2a?
13b1
In base 14, what is -570d - 17?
-5726
In base 13, what is -2aa - 16c?
-449
In base 4, what is -3 + -1212011001?
-1212011010
In base 15, what is 37e228 + -2?
37e226
In base 13, what is -3 - 5255?
-5258
In base 9, what is -44716 + 1?
-44715
In base 14, what is 1 - -2a7b3?
2a7b4
In base 4, what is 1 + 1332?
1333
In base 9, what is 61353 - 72?
61271
In base 4, what is -221013211 - 11?
-221013222
In base 3, what is -12 - -200011202212?
200011202200
In base 2, what is -101101100 - -10110010?
-10111010
In base 4, what is -33330 - 1003?
-100333
In base 4, what is 10122132 + 10?
10122202
In base 10, what is 10388 - 10?
10378
In base 15, what is -4 - -49d?
499
In base 4, what is -111 + 122212?
122101
In base 16, what is -3 - -a55b?
a558
In base 16, what is 16 - -192e?
1944
In base 16, what is 10ad - 384?
d29
In base 2, what is 1101 - 101111011100110010?
-101111011100100101
In base 4, what is -111 - -30001?
23230
In base 15, what is -1 + 16315?
16314
In base 7, what is 0 + -43?
-43
In base 7, what is -320 - 403?
-1023
In base 4, what is -2000 - -11312?
3312
In base 16, what is -f + 1459?
144a
In base 2, what is -101001110 + 100?
-101001010
In base 5, what is 200 - -31301?
32001
In base 10, what is 1279 + -3?
1276
In base 4, what is 10 - 200303313?
-200303303
In base 16, what is 174f4 + 3?
174f7
In base 12, what is -276 - -100?
-176
In base 5, what is -13312 + 22211?
3344
In base 3, what is -10221112222 + -2?
-10221120001
In base 5, what is 2134 - -11311?
14000
In base 9, what is -21 - 1465?
-1486
In base 8, what is 11541 - -365?
12126
In base 5, what is 112334321 - 0?
112334321
In base 9, what is -2 + -13558?
-13561
In base 3, what is 120110021222 - -1?
120110022000
In base 16, what is -10 - 4a68?
-4a78
In base 5, what is -201021 + 10?
-201011
In base 10, what is -4 + -34047?
-34051
In base 4, what is 13131210 + 2211?
13200021
In base 4, what is -21302 + 131100?
103132
In base 8, what is -1566 - 7201?
-10767
In base 10, what is -9 - -333329?
333320
In base 6, what is -5512310 - 5?
-5512315
In base 3, what is -11 - 100221020?
-100221101
In base 3, what is -12 - -20221200200?
20221200111
In base 9, what is -145714 - 2?
-145716
In base 6, what is 44421 - 2?
44415
In base 7, what is 1034201 + 2?
1034203
In base 12, what is -3307 + 156?
-3171
In base 12, what is -8 + 2069?
2061
In base 8, what is -737 + 142?
-575
In base 9, what is 35 - -3146?
3182
In base 16, what is 8f - 40c?
-37d
In base 13, what is 20 + 677?
697
In base 11, what is -46492 + -14?
-464a6
In base 16, what is -87e9 + 2f?
-87ba
In base 2, what is 1110000 - -100101001?
110011001
In base 7, what is 2251052 + 1?
2251053
In base 11, what is -3 - -61a09?
61a06
In base 2, what is 1101011111001001 + -100?
1101011111000101
In base 6, what is 212432 - 35?
212353
In base 15, what is -a - 913b?
-9146
In base 2, what is 11 + -11110111111100110?
-11110111111100011
In base 16, what is -368 + -1?
-369
In base 6, what is 1521201 - 4?
1521153
In base 7, what is 56 + -344?
-255
In base 11, what is -5 - -37904?
378aa
In base 4, what is -1 - -21101102?
21101101
In base 9, what is -1448 + 10?
-1438
In base 2, what is 100001001010100110 + 10?
100001001010101000
In base 7, what is 0 + 312566?
312566
In base 12, what is -179 + 1821?
1664
In base 14, what is -11 + 48?
37
In base 3, what is -11 + -1200101022120?
-1200101022201
In base 12, what is 486 + 39?
503
In base 15, what is 129 - -5ea?
724
In base 3, what is -2110122121 - -20?
-2110122101
In base 14, what is 96 + 5a1d?
5ab5
In base 5, what is -12 - -110410?
110343
In base 2, what is -11000 - 